+ (-5)/4. Let w be (-27)/(-18)*(v - -3). What is g(w)?
4
Let l(m) = -2636*m + 409 - 596 + 2626*m. What is l(-18)?
-7
Let z(y) = 11*y + 3. Let v(n) = 7*n**2 + 8*n - 9. Let k(x) = -13*x**2 - 17*x + 17. Let q(u) = -6*k(u) - 11*v(u). Let r be q(-14). Determine z(r).
-30
Let p(c) = c - 8. Let a be p(12). Suppose z + l - 6*l + 15 = 0, a*z - l + 3 = 0. Let n(g) = -g**3 + g**2 - 7. Calculate n(z).
-7
Let l(j) = -j**3 - 10*j**2 - 20*j + 9. Let p be l(-7). Let a(q) = -4*q**3 + 5*q**3 - 6*q**p - 3 - q**2 + 8*q**2 - 2*q. Calculate a(-2).
-3
Let a(s) = 6*s + 4. Let y be 1/2*((-5)/(-20))/(1/24). Calculate a(y).
22
Let r(z) = -z**2 - 3*z + 1. Let m be r(-4). Let v = m - -2. Let h(c) = 77 + 11*c + 83 - 252 + 93. Give h(v).
-10
Let u(m) = -2 - 18*m + 3 - 14 - 13*m**2 + 3 + 17*m**2. What is u(5)?
0
Let f(u) be the first derivative of -5*u**3/3 + 2*u**2 - 2*u - 319. What is f(3)?
-35
Let d(k) = k**3 + 2*k**2 + k - 1. Let t be d(0). Let q(g) be the first derivative of g**4 - g**3/3 - 14. What is q(t)?
-5
Let n(y) = -2547061 + 2547097 + 11*y + 3*y. What is n(3)?
78
Suppose t = 3, 14*j + 15 = -2*t + 3*t + 4*t. Let r(z) = -7*z + 18. Let q(p) = -8*p + 18. Let a(y) = 6*q(y) - 7*r(y). Calculate a(j).
-18
Let v(y) be the second derivative of y**4/12 + y**3/6 + 4*y**2 - 25*y. Let p be v(0). Suppose 22 + 34 = p*s. Let b(x) = x - 10. Determine b(s).
-3
Suppose 809 = 4*m - u - 1141, 494 = m + 3*u. Let v = 490 - m. Let x(c) = -2*c**2 + 2*c + 2. Give x(v).
-2
Let y(x) = -x**2 - 21*x - 2. Suppose 2*z = 4*j - 62, -14 = z - 5*j + 32. Determine y(z).
-2
Let v(c) be the second derivative of -1/2*c**2 + 0 - 15*c + 3/2*c**3. Determine v(2).
17
Let s = 8390 - 8387. Let z(o) be the second derivative of -s*o**2 - 1/20*o**5 + 0 - 1/2*o**4 - 7/6*o**3 - 2*o. What is z(-5)?
4
Let k = 7 + -3. Let p(i) = -i**2 + 10*i + k - 16 - 9*i. Let x(j) = j**3 + 13*j**2 - 99*j + 285. Let d be x(-19). Determine p(d).
-12
Let g be (5 - (-3)/((-9)/12))*-11. Let x be (-35)/g - 3 - 711/99. Let u(q) be the first derivative of -q**2/2 + 9*q + 4. Calculate u(x).
16
Let y(s) = -s**3 + 10*s**2 - 11*s - 5. Suppose 11*v - 6538 = -6450. What is y(v)?
35
Let s(o) = 2*o - 10. Let j(c) = -c**3 + 10*c**2 - 9*c + 5. Let v be j(9). Let n be s(v). Let l(k) = 8 - 11 + n + 3*k. Give l(3).
6
Suppose 13*h + 81 + 59 = -81. Let i(a) = -3*a + 16. Determine i(h).
67
Let s(x) = -9*x - 43. Let h(n) = n**2 - 3*n - 11. Let g be h(4). Let a be s(g). Suppose -26 = -q - a. Let y(b) = -b**3 + 6*b**2 - 4*b + 5. What is y(q)?
-19
Let g(t) = -t**2 + 2*t - 22. Let h be g(0). Let u = h - 67. Let l = u - -88. Let b(r) = 4*r. What is b(l)?
-4
Let g(f) = -f**2 + 2*f - 2. Let p be g(3). Let a(u) = u**3 - 10*u**2 - 22*u - 22. Let i be a(12). Let w(z) = -z + 4 - z**i + 4 + 4 - 3*z - 11. What is w(p)?
-4
Let i(k) = k**2 - 12*k - 9. Let o = 2189 - 2181. Calculate i(o).
-41
Let i(z) = -3*z**2 - 29*z - 11*z - 5*z + 22*z - 2 + 2*z**2. Let o(p) = -3*p - 2. Let t be o(7). Calculate i(t).
-2
Suppose 0 = 65*n - 99 - 161. Let d(m) = 9*m - 42. Give d(n).
-6
Let t be 3/2*(-248)/96 + 4. Let n(x) be the third derivative of 13*x**2 + 0 + t*x**4 + 0*x + 2/3*x**3. What is n(4)?
16
Let p(t) = -t**3 + 7*t**2 - 3*t. Let o(c) be the second derivative of -c**3/3 - 33*c**2/2 + 61*c. Let d be o(-20). Give p(d).
-21
Let p(a) = 80*a + 478. Suppose 0 = 4*t - d + 24, t - 3*d = 2 - 8. Give p(t).
-2
Let p(i) = 4*i - 35. Let f be p(6). Let u be (-5 - f) + -6 - 6. Let n(q) = -q. Give n(u).
6
Let o(v) = -11 + 1718*v**3 + 91*v**2 - 1717*v**3 - 100*v**2 + 10*v - 5. Calculate o(7).
-44
Let x(l) = l**3 + 21*l**2 + 61*l + 1291. Let n be x(-21). Let u(j) = j**3 - 10*j**2 - j + 14. Determine u(n).
4
Let t = 8406 + -8398. Let m(a) = 2*a**2 - 8*a - 16. Calculate m(t).
48
Let q(v) be the first derivative of 2*v**3/3 + v**2 - 5*v - 6959. Suppose 5*g - 3*g + 10 = 0. Determine q(g).
35
Let s(w) be the third derivative of -2*w**4/3 + w**3/6 + 8*w**2. Suppose -46 + 37 = 9*n. Give s(n).
17
Let k(u) be the second derivative of -u**7/840 - u**6/60 + u**5/60 + u**4/8 - 155*u**3/6 - 2*u - 2. Let m(j) be the second derivative of k(j). What is m(-6)?
-9
Let f(d) = 6*d - d - 1 + 0 - 2*d**2 - 3 + 1. What is f(6)?
-45
Let c(o) be the third derivative of -o**4/12 + o**3/2 - 152*o**2. Let v = 52 - 50. What is c(v)?
-1
Let g(o) = 44*o**3 - 7*o**2 - 2*o + 15. Let v(r) = 14*r**3 - 2*r**2 - r + 4. Let h(a) = -2*g(a) + 7*v(a). Determine h(-1).
-9
Let j = 2 - 3. Let f(r) = -42*r**2 + 16*r**2 + 62 + 16*r**2 + 30*r**2 - 61. Calculate f(j).
21
Let k(u) = 3*u**2 + 30*u + 10. Let m = -4295 - -4285. What is k(m)?
10
Let x(t) = t**2 + 12*t + 13. Suppose -5*l = -11*l + 24. Suppose -2*y = 3*j + 33, -2*j + 7*j - l*y + 55 = 0. Calculate x(j).
2
Let n(v) be the second derivative of -v**3/6 + 11*v**2/2 + 5*v. Let h be n(13). Let b be ((-6)/h)/1 - -3. Let j(o) = o**3 - 7*o**2 + 5*o + 8. What is j(b)?
2
Let n(t) be the first derivative of 9/2*t**2 - 18 + t. Let f = -384 - -383. What is n(f)?
-8
Let s(c) = -c**2 + 4*c + 5. Suppose -22 - 2 = 4*o. Let k be (8/16)/(3/o). Let a(r) = -r - 1. Let h(n) = k*s(n) - 4*a(n). What is h(0)?
-1
Let y(q) be the second derivative of q**4/12 - 17*q**3/3 - 89*q**2/2 + 15*q - 68. Give y(37).
22
Let l(b) = b**2 + 25*b - 65. Let a(p) = 5*p**2 + 164*p - 60. Let j be a(-33). Determine l(j).
-11
Let o(s) be the second derivative of -s**4/12 - 7*s**3/2 + 12*s**2 + 4*s + 1. What is o(-23)?
-22
Let f be (32/20)/(2/5). Let w(m) be the first derivative of -100 - 2*m - 5/2*m**2 + 1/3*m**3. Give w(f).
-6
Let w(g) = 16*g**2 - 11*g - 35. Let f(a) = -7*a**2 + 6*a + 18. Let h(c) = 7*f(c) + 3*w(c). Calculate h(12).
-15
Let q be 1/3 + (-80)/15. Let c(j) = j**3 + 5*j**2 + 3*j + 2. Let b be c(-4). Let v(y) = 0 + y + 4 + 7*y - b*y. What is v(q)?
-6
Let p(f) = -f**2 - 34*f - 281. Suppose -o = -3*j + 3, -3*o - 7*j - 65 = -2*j. Calculate p(o).
4
Let y(h) = 2*h - 26. Let i be 195/13 - 21 - -17. Calculate y(i).
-4
Suppose a + 400 = -4*y + 326, -2*y + 3*a - 16 = 0. Let j(p) = p**2 + 17*p - 23. Determine j(y).
-23
Suppose 0 = -4*v - 136 + 156. Suppose 15*n + v = 16*n. Let o(g) = -g + 10. What is o(n)?
5
Let i = -89 - -91. Let g(a) = 11*a - 3. Let f(s) = -12*s + 3. Let h(t) = 4*f(t) + 5*g(t). Determine h(i).
11
Let z(j) = -j**3 + 3*j**2 + j - 2. Suppose -6*n = -0*n. Suppose n = 12*u - 16 - 8. Let o be z(u). Let q(h) = -h**3 + 5*h**2 - 2*h - 3. Determine q(o).
5
Let t(c) be the third derivative of -c**5/30 - c**4/8 + c**3/6 + 349*c**2. Suppose -88*g + 91*g = 12. What is t(g)?
-43
Let a(t) = 203 - 12*t - 77 - 73 - 55 - 110. Calculate a(-9).
-4
Let a(s) = -8519*s + 26*s**2 - 25*s**2 + 83 + 8501*s - 31. Give a(14).
-4
Suppose 3*w + 3*v - 1 = 5, 14 = 2*v. Let y(r) = r**3 + 4*r**2 - 6*r. Determine y(w).
5
Let c = -10255 + 10261. Let u(f) = f**3 - 8*f**2 + 7*f. Determine u(c).
-30
Let n(b) = 8*b + 14. Let r = -396 + 394. Determine n(r).
-2
Let y(u) = 10*u**3 + u. Let i = 238 - 234. Let o be (27/6 - i)*1*2. What is y(o)?
11
Let j(x) be the second derivative of 2*x**3/3 - 46*x**2 - 7185*x. What is j(0)?
-92
Let j = -1 + 11. Suppose -3*b + j = -5*b. Let p(w) be the first derivative of -w**4/4 - 4*w**3/3 + 2*w**2 - 6*w - 305. Determine p(b).
-1
Let o(b) = -b**3 - 9*b**2 + 11*b + 7. Let u(w) = 11*w - 99. Let c be u(5). Let y be -15*((4 - c/(-6)) + 4). Calculate o(y).
-3
Let u(h) = 13*h - 5. Let s(i) be the second derivative of 20*i**3/3 - 8*i**2 + 36*i - 1. Let y(x) = -3*s(x) + 10*u(x). Calculate y(1).
8
Let z(f) = 2*f + 3. Suppose -21*b - 348 - 51 = 0. Let p(s) = -2*s**2 - 37*s + 16. Let d be p(b). What is z(d)?
-3
Let n = 18 - 16. Suppose n*l = l + 5. Suppose -3 = -l*w - 23. Let m(k) = -k**2 - 4*k - 4. Give m(w).
-4
Let l(x) = x**3 - x + 12. Let k = -354 + 347. Suppose -t = -5*t + 28. Let y = t + k. Give l(y).
12
Let d(n) = 266*n + 271*n - 11 - 532*n. Give d(6).
19
Let p(c) = -22*c - 186. Let h = 20585 - 20593. What is p(h)?
-10
Suppose 3*f - 3*r = 9, 4*f - 2*f + 29 = -5*r. Let o be (2 - 14/4)*f. Suppose o*k - 70 = -7*k. Let j(x) = -x**3 + 8*x**2 - 8*x - 10. Give j(k).
-17
Let k(b) = -b + 1. Let d(f) = -4*f**2 + 18*f - 10. Suppose 0 = -2*i + i + 4. Let s be d(i). Determine k(s).
3
Let w(b) be the second derivative of b**5/20 + 7*b**4/12 - 17*b**3/6 + 11*b**2/2 - 356*b. Give w(-9).
2
Let o(l) = l**3 + 12*l**2 - 29*l - 14. Let m be o